eatest common factor of s and j?
22
Let v = -18 + 36. Calculate the highest common factor of v and 72.
18
Suppose 2*s - q = 95, -187 + 7 = -4*s + 4*q. What is the highest common divisor of 5 and s?
5
Let x = -20 - -25. Let q be 21/(-2)*20/(-3). Suppose 3*t - 4 = -3*m + 26, -3*t + x*m = -q. What is the greatest common divisor of 3 and t?
3
Let u(j) = j**3 + 6 - 6*j - 4*j**2 + 0*j + 0*j**3. Let r be u(5). Calculate the greatest common factor of 4 and r.
1
Suppose 0*b = -4*b - 5*a + 1035, -2*a + 261 = b. Suppose i - 3 = 0, 0 = 6*y - 4*y + 5*i - b. Let x = 21 + -6. What is the highest common factor of x and y?
15
Suppose k - 615 - 677 = 2*b, 0 = k. Let g be b/(-4) + (-9)/6. Suppose 55 + 5 = 3*f. Calculate the highest common factor of g and f.
20
Let a = 6 - 4. Let w be -1 + (6 - 1) - 2. Let o be (0 - (-4)/w)*a. What is the greatest common divisor of o and 20?
4
Suppose -4*p - x = -64, 5*x + 40 = 4*p - 0*x. Calculate the highest common factor of 3 and p.
3
Suppose -2*a + 0*a = -4. Let l be ((-1)/(-2))/(9/18). Suppose 2 = 3*f - l. Calculate the highest common divisor of a and f.
1
Let y = 4 + 1. Let m(d) = -d**2 + 7*d + 3. Let x be m(y). Let v = 72 + -59. Calculate the greatest common factor of v and x.
13
Suppose 6*j = 5*j + 80. Let d = 67 + -97. Let i = j + d. What is the greatest common divisor of i and 20?
10
Let p = -50 - -105. Suppose d - p + 11 = 0. Calculate the highest common divisor of 11 and d.
11
Let m be 6/(-1)*70/(-6). Let x = 4 - -10. What is the greatest common divisor of x and m?
14
Suppose 2*i + 2*s - 18 - 6 = 0, 64 = 5*i + 4*s. Let f = 28 - i. Calculate the greatest common factor of 30 and f.
6
Let c = -30 + 36. Let k be c/4*140/30. Calculate the highest common factor of k and 77.
7
Let o = 26 - 16. Calculate the highest common divisor of 40 and o.
10
Let n(d) = -2*d - 1. Let y be n(-7). Suppose y = 4*l - 3*l. Let b = l + 1. What is the greatest common divisor of b and 2?
2
Suppose 4*x - 80 = -5*r, -5*r = -r + 16. Let n = 45 - x. Suppose 0*q = 2*q - 4. What is the highest common divisor of q and n?
2
Suppose 0 = -4*l + 1 + 19. What is the highest common factor of l and 15?
5
Suppose 672 = 2*m - 0*l + l, -3*l - 1008 = -3*m. Calculate the greatest common factor of m and 48.
48
Let c = 14 + -9. Suppose -3*w = -6*w - c*p - 84, -5*w - 109 = -2*p. Let r = w + 34. Calculate the greatest common divisor of r and 1.
1
Let k be -46 - 1/(-2 - -1). Let l be (36/k)/((-1)/15). Calculate the greatest common factor of 30 and l.
6
Let p = -3 + 6. Suppose 78 = p*v - v. Suppose o = -2*o + 78. Calculate the greatest common divisor of v and o.
13
Let o(z) = -22*z + z**3 + 20*z - 5*z**3. Let p be o(-2). Let l = p - 18. Calculate the highest common factor of l and 9.
9
Let b(r) = -r - 3. Let i = 5 + -10. Let p be b(i). Suppose 4*f = -4*j, j + f = -p*j + 8. What is the greatest common divisor of j and 20?
4
Suppose -u - 20 = -5*u. Suppose -w = 2*i - 16, 4*w - u*i - 33 = -8. Let m be ((-120)/18)/((-3)/((-9)/(-2))). What is the greatest common divisor of w and m?
10
Let l(s) = 4*s**3 - 3*s**2 + 4*s - 3. Let r be l(2). Let f = -8 - -13. Calculate the greatest common divisor of r and f.
5
Let f(c) = 5*c**2 + c + 2. Let h(s) = s**2 - 5*s - 3. Let d be h(5). Let k be f(d). Let z = 10 + 1. What is the highest common factor of z and k?
11
Let r = 43 + 18. Let m = -1 + r. Calculate the greatest common divisor of m and 24.
12
Suppose 22*p = 18*p + 40. What is the highest common factor of p and 25?
5
Let m(c) = -c**2 - 4*c. Let q be m(-2). What is the greatest common divisor of 36 and q?
4
Suppose 0*b - 2*b = -10. Suppose 2*m - 57 = -2*z + 69, 123 = 2*z + b*m. What is the highest common divisor of z and 16?
16
Let u = 10 - 6. Suppose 4*o + 46 = 2*v, -u*o - 12 = -v + 1. Let z be 15 + 2/(-1) - 2. What is the greatest common divisor of v and z?
11
Let r(h) be the second derivative of h**3/6 - h**2/2 + 4*h. Let u be r(5). What is the greatest common factor of 2 and u?
2
Suppose w = 4*z + 19, w - z - 10 = -0*w. What is the highest common divisor of 63 and w?
7
Suppose 5*n - 387 = 4*m, 0*m + 315 = 4*n - 5*m. Calculate the highest common divisor of 30 and n.
15
Let k(w) = -w**3 - 14*w**2 + 15*w + 20. Let m be k(-15). Calculate the highest common factor of m and 8.
4
Let x = 37 + -22. Let m(z) = z + 7. Let l be m(-4). Suppose 5 = l*i - 13. Calculate the highest common divisor of x and i.
3
Suppose 0 = -3*q + 4*q - 33. Let b = q - -39. Calculate the greatest common divisor of b and 18.
18
Let g be 11 + -1 + -1 + 2. Suppose v + g = 30. Calculate the greatest common divisor of 57 and v.
19
Suppose -2*q = -0*q + 3*j - 5, -11 = -3*q - j. What is the greatest common divisor of q and 6?
2
Let c be (303*-1)/(-1) + 1. Let g be (c/6 - -2)*3. Let f be 3/12 + g/8. Calculate the highest common divisor of f and 10.
10
Let a = 57 + -26. Let p = -16 + a. What is the highest common divisor of 165 and p?
15
Let s = 357 + -126. Calculate the highest common factor of s and 33.
33
Let j be 1 + -1 + (14 - 0). Let t(x) = 4*x - 3. Let n be t(6). What is the greatest common divisor of n and j?
7
Let m = -5 + 3. Let l(b) be the first derivative of -b**2 + b + 3. Let g be l(m). Calculate the highest common factor of 35 and g.
5
Let o = 2 + 5. Let m(t) = 9*t - 15. Let r be m(4). Calculate the highest common factor of o and r.
7
Let s(k) = k**3 + 19*k**2 - 23*k - 28. Let m be s(-20). What is the greatest common factor of 8 and m?
8
Let r = 49 + -33. Let s be 2/(-2) - (-6 - 0). Let d = r + s. Calculate the greatest common divisor of 7 and d.
7
Suppose 24 = 7*d - 5*d. Calculate the highest common divisor of d and 12.
12
Let n = -35 - -51. What is the greatest common factor of 32 and n?
16
Let x be (7/(-2))/((-3)/42). Suppose -5*q + 2*l = l - 32, 4*q - 22 = 2*l. Calculate the highest common divisor of x and q.
7
Suppose -2*t - 30 = -5*t. Suppose 0 = -3*l - 35 + 2. Let g = 9 - l. What is the greatest common divisor of g and t?
10
Let n = -7 - -15. Suppose 2*i + 28 = 4*i + 3*y, 0 = -4*y + n. What is the greatest common divisor of 55 and i?
11
Suppose -o + 3*c = -5, c - 7 = -3*o + 6*c. Let i = 1 - o. Let n be 10 - (-1 - -3)/i. What is the greatest common factor of 45 and n?
9
Let f(l) = 5*l**2 + 3*l - 4. Let q be f(2). What is the highest common factor of q and 33?
11
Suppose 10 = 2*w - 2. What is the highest common factor of w and 6?
6
Let n be 120/(-35)*(1 - 8). Calculate the greatest common divisor of n and 96.
24
Let c(a) = -27*a**2 + 1. Suppose 3*h + 9 = 0, -h = -3*x - 0*h. Let k be c(x). Let f = 114 + k. What is the highest common factor of 11 and f?
11
Suppose 42 = 4*l - l. What is the highest common divisor of 2 and l?
2
Let m = -20 + 175. Let p = m - 110. Suppose -3*h + p = -135. What is the highest common divisor of h and 12?
12
Suppose -c - 316 = -5*d, -2*d + 250 = 2*d + 2*c. Calculate the highest common divisor of 21 and d.
21
Suppose 5*b = 4*d + d + 240, 5*d + 4*b = -222. Let k = -27 - d. Let r = k + -10. Calculate the greatest common factor of r and 63.
9
Let j be 32/(-8) + (-2 - -91). Let b(r) = r**3 - r**2 + r + 17. Let s be b(0). What is the greatest common divisor of s and j?
17
Let s(z) = -z**2 + 7*z - 2. Let d be s(5). Let r be 78/4 + 4/d. Calculate the greatest common factor of r and 180.
20
Let q be ((-92)/6)/(4/(-18)). Let c = 149 - q. Let s = -357 + 367. Calculate the greatest common factor of s and c.
10
Let r be 2/9 + (-60)/27. Suppose 3*o + 363 = 3*n, 0 = -3*o + 5*n - 3*n - 364. Let d be r/4 - o/4. Calculate the highest common divisor of d and 15.
15
Suppose 3 = -r + 2*r. Suppose 0 = -r*u + o + 52, 38 = 2*u - 3*o - o. Calculate the greatest common factor of u and 187.
17
Let n = -7 - -19. Let g = -8 + 53. Let o be (-144)/(-10)*g/6. What is the greatest common divisor of o and n?
12
Suppose 23 = f - 19. Let b = 60 - f. Let r be (-4 - 1)/(1/(-18)). Calculate the highest common divisor of b and r.
18
Let y(c) = -8*c**3 - 2*c**2 - c. Suppose 0*t = -4*t - 4. Let k be y(t). What is the highest common factor of 35 and k?
7
Let t be 57/1 - (1 - 0). Let n(w) = -17*w + 16*w + 8 - 2. Let f be n(-8). Calculate the highest common divisor of f and t.
14
Let n be 99/2 - 2/4. Let x = -33 + n. Let r = 157 - 109. What is the highest common factor of r and x?
16
Suppose 4*g + 45 = g. Let v = 9 -